2 - u + 2. Let r be m(3). Let x(q) = -2*q - r + 3*q + 1 + 1. Give x(2).
0
Let g = 12 - 10. Let k(l) = -l**2 - l + g + 5*l - 4*l - 4*l. Give k(-5).
-3
Suppose -3*k - 3 = 2*o + 3*o, -2*o = 0. Let q be 4/(-2) + (-10)/k. Let n = -12 + q. Let v(l) = -l**2 - 3*l - 2. Give v(n).
-6
Let p(c) = -c**3 + 3*c**2 + 7*c - 6. Suppose 5*k + b = -76, 3*k + k + 2*b + 56 = 0. Let z be ((-9)/(-6))/((-6)/k). Calculate p(z).
6
Let h(l) be the first derivative of 0*l**2 + 0*l**2 + 2*l - 4 + l**2 - l**3. Determine h(2).
-6
Let c(m) be the first derivative of -3*m**2/2 + 4*m - 1. Suppose -27 = -0*n - 9*n. Let q be c(n). Let b(o) = -o**2 - 6*o + 2. What is b(q)?
7
Suppose 3 = i, 3*i - 10 = 3*s + 14. Let d(j) be the second derivative of -8*j - 7/2*j**2 - 1/6*j**3 + 0. Determine d(s).
-2
Let g(k) = 3*k**2 + 3 - 25*k + 26*k + k**2 + k**3. Give g(-4).
-1
Let l(x) = -5*x + 3. Let z(t) = -6*t + 4. Let w(y) = 5*l(y) - 4*z(y). Let i(f) = 5*f + 4. Let o(g) = 2*i(g) + 11*w(g). Calculate o(6).
-9
Let r(i) = -6*i**2 + i - 1. Let z be ((-20)/(-30))/(1/(-9)). Let m be z/4*10/(-15). What is r(m)?
-6
Let y(f) be the third derivative of -1/60*f**5 + 0*f + 0*f**4 + 4*f**2 + 0 - 1/2*f**3. What is y(0)?
-3
Let y(k) = -k**3 + 5*k**2 + 6*k + 2. Let f be ((-6)/4)/((-12)/8). Suppose -f = -4*c + 23. Give y(c).
2
Let j(m) be the first derivative of -m**4/4 + m**3/3 - 3*m**2/2 + 2*m + 9. Give j(2).
-8
Let l(g) = 56 - 24 - 26 + g**2 + 7*g. What is l(-5)?
-4
Let x(r) = r**2 - 8*r + 4. Let q = 20 + -13. Let n be x(q). Let c(o) = o. Let v(j) = -3*j - 3. Let k(f) = c(f) + v(f). What is k(n)?
3
Let b = -47 - -47. Let o(i) = i**2 + 3. Give o(b).
3
Suppose 0*d + d = 5. Let p(k) = 2*k**2 - 8*k - 4. Let f(c) = -3*c**2 + 15*c + 8. Let h(n) = d*p(n) + 3*f(n). Calculate h(-4).
0
Let b(d) = -d**2 - 12*d + 13. Let i be b(-13). Let a(g) = g**3 - g**2 - 2. Determine a(i).
-2
Let a(n) = 10*n**2 + 15 + 3*n**3 - 2*n**3 - 8 + 9*n. What is a(-9)?
7
Let o(z) = 8*z**3 - 5*z**2 - 9*z + 8. Let h(m) = -7*m**3 + 5*m**2 + 9*m - 8. Let x(u) = 7*h(u) + 6*o(u). What is x(6)?
10
Let c(z) be the first derivative of z**4/4 - z**3/6 - 3*z**2 + 1. Let a(n) be the second derivative of c(n). Give a(2).
11
Let b(w) = -w. Let m be b(-3). Let f(y) = 2*y - 5 - 3 + m + 0*y. What is f(4)?
3
Let v(n) = -n**2 + 5*n - 3. Let i be v(6). Let y = i + 5. Let j(g) = g**2 + 3*g. Determine j(y).
4
Let o = 7 - 7. Let b(l) be the third derivative of -l**5/60 - l**3/3 - 2*l**2. Give b(o).
-2
Let c = -71 - -69. Let j(r) be the second derivative of r**3/3 + r**2/2 - 2*r. What is j(c)?
-3
Let u(d) = 7*d**2 + 2*d + 1. Let k = -4 - 0. Let x = k + 7. Suppose -i - 4 = x*i. What is u(i)?
6
Let w(k) = k**2 + 6*k + 2. Let g(s) = s**3 - 3*s**2 - 4*s + 7. Let z be g(4). Let y(j) = -9 + 2*j - j - 3. Let r be y(z). What is w(r)?
-3
Suppose -2 + 4 = 2*f. Let b(n) = n**3 + 6*n**2 - 3*n - 13. Let m be b(-6). Let x(h) = -3*h - 2. Let s(y) = -7*y - 3. Let a(z) = m*x(z) - 3*s(z). Calculate a(f).
5
Suppose 0 = -2*d - 0 - 2. Let b be ((-2)/(-6))/(d/6). Let r be (12/3 - 2)/b. Let q(j) = -5*j**2 - j - 1. Give q(r).
-5
Let v(c) = c**2 + 0*c**2 - 2 + 7*c - 8*c + 6*c. Let n be v(-5). Let g(m) = m**2 + 2*m + 1. Give g(n).
1
Let r(a) = 2*a - 6*a + 3*a. Let v be r(1). Let g(l) be the first derivative of 5*l**2/2 + 2. Calculate g(v).
-5
Let a(m) be the first derivative of 5/2*m**2 - 7*m + 1/3*m**3 - 8. Determine a(-6).
-1
Let q(r) = 4*r - 2*r + 6*r - 1 + 3*r. Let t(u) = -u**3 + 6*u**2 - 6*u + 4. Let w be t(5). Determine q(w).
-12
Let r(u) = u**3 - 6*u**2 + 4*u. Let y be r(5). Let k(s) be the third derivative of s**4/24 + s**3/6 + 76*s**2. What is k(y)?
-4
Let f(r) = r**3 + 5*r**2 + 8*r + 11. Let w(y) = -2*y**3 - 9*y**2 - 16*y - 23. Let x(u) = -5*f(u) - 2*w(u). Let b = -36 - -30. Calculate x(b).
3
Let r(z) = -z**2 + 2 - 5*z - 4 + 0*z. Calculate r(-3).
4
Suppose 0*v + 126 = 6*v. Let t be ((-14)/v)/((-4)/(-6)). Let j(b) = -4*b**2 - b - 3. Let a(w) = 1. Let z(r) = 2*a(r) + j(r). Determine z(t).
-4
Let y(r) = -26*r**3 - 1. Let j be 33/(-22) + (-3)/(-6). Calculate y(j).
25
Let k be 1/3 + 11/3. Let y(z) = -7*z**2 + 0*z**2 + 3 - 4 - z - 3*z**2. Let u(l) = 3*l**2. Let o(p) = -7*u(p) - 2*y(p). What is o(k)?
-6
Let z(b) be the third derivative of b**6/120 - b**5/20 + b**4/24 + b**3/3 - 17*b**2. Give z(3).
5
Let z(i) be the third derivative of i**6/120 - 2*i**5/15 + i**4/3 - 2*i**3/3 + 38*i**2. What is z(7)?
3
Let l(s) be the first derivative of -5*s**4/4 + s**2 + s - 2. Suppose 9 = 3*i - 4*k, -4*i + k = 2*k + 7. What is l(i)?
4
Let l(x) = -3*x - 7. Let s(p) = -p - 1. Let z(q) = -l(q) + 4*s(q). Suppose 16 = i - 5*r, -3*r = -i - 2*r. Give z(i).
7
Suppose -2*l + 0 = -2. Suppose -c = -5*c + 8. Let f(o) = -o - o - l - c*o. Give f(-1).
3
Let r(p) = 3*p**3 - 41*p**2 + 21*p + 30. Let v(n) = n**3 - 14*n**2 + 7*n + 10. Let a(k) = -4*r(k) + 11*v(k). Give a(9).
8
Let j(z) = 12*z**2 + 3*z + 20. Let s(f) = 7*f**2 + 2*f + 10. Let m(r) = 3*j(r) - 5*s(r). Determine m(0).
10
Let j(c) = c**3 + 4*c + 0 + 8 - 5 + 3*c**2. Determine j(-2).
-1
Let v(l) = 2*l + 1. Let q(b) = b + 1. Suppose 0 = 4*d - 5*d - 4*t + 17, 0 = 4*d - 5*t + 16. Let n(c) = d*v(c) - 3*q(c). Determine n(-3).
1
Let y(n) = n. Let l = 186 + -185. What is y(l)?
1
Let f(b) be the second derivative of -b**4/12 + b**3/2 + 2*b**2 - 5*b. What is f(4)?
0
Let g(p) be the third derivative of 0 - 7/6*p**3 + 6*p**2 + 0*p - 1/120*p**6 + 7/60*p**5 + 0*p**4. Give g(7).
-7
Let d(z) = 3 + 9 - 14 - 7*z. What is d(3)?
-23
Let v(j) be the first derivative of -j**4/4 + 4*j**3/3 - 5*j + 2. Let x be v(4). Let d(z) = -2*z**2 + 0*z**2 + z + z**3 + 7*z**2 + 6. Give d(x).
1
Let w(u) = -u. Let o(j) = -4*j - 1. Let g(x) = -o(x) + 2*w(x). Let v = -1 - -3. What is g(v)?
5
Let u be (2 - 1)/(2/6). Let o(k) be the second derivative of -1/6*k**3 - 1/12*k**4 - u*k + 1/20*k**5 + 0 - 2*k**2. Calculate o(0).
-4
Let c(q) = -q**3 - q**2 + q + 6. Let m be c(0). Let n(f) = f + 4*f - 2*f - 2*f - 5. Determine n(m).
1
Let o = 14 + -13. Let r(n) = -9*n. What is r(o)?
-9
Let s(a) = -a + 8. Let o be 2/8 + (75/(-4))/(-5). Calculate s(o).
4
Suppose -214*u + 218*u = -16. Let t(x) = -x**2 - 3*x + 4. Give t(u).
0
Let y(n) = 14 + 11*n + 9*n - 4*n - 2*n. Let q(m) = -5*m - 5. Let v(b) = 8*q(b) + 3*y(b). Calculate v(-3).
-4
Suppose 6*t - 162 = -0*t. Let n = 22 - t. Let o(w) = w**3 + 4*w**2 - 8*w - 3. Determine o(n).
12
Let g = 3/55 - -489/110. Let d(p) be the first derivative of g*p**2 - 1 - p. Determine d(-1).
-10
Let o(p) = p - 2. Let b(w) = 1. Let i(n) = -3*b(n) - o(n). Suppose c + 2*m = 4*c + 10, -3*c - m - 22 = 0. Calculate i(c).
5
Let q(w) = 6*w - 1. Let z(c) = -c**2 + 3 - 2*c**2 - c + 4*c**2 - 1. Let s be z(-2). Suppose 0 = 3*k - 2*k - 4, -4*b + s = k. Calculate q(b).
5
Suppose -3*i + m - 46 = 6*m, -3*m = -i + 8. Let u(n) = n**3 + 7*n**2 + 2*n + 2. Determine u(i).
-12
Let b(h) = 7*h - 11. Let s(d) be the second derivative of 2*d**3/3 - 3*d**2 - d. Let u(v) = 3*b(v) - 5*s(v). Let t be -3*1 - 28/(-4). Determine u(t).
1
Let k(z) = -4*z + 8. Let y(t) be the first derivative of t**2 - 4*t + 2. Let j(m) = -3*k(m) - 7*y(m). Give j(3).
-2
Suppose 12 = -2*s - 0*s - 4*b, 3*b = 5*s + 43. Let n = s + 6. Let v(z) = z**3 + z**2 - 3*z - 3. Calculate v(n).
-1
Let b = 73 - 66. Let q(l) = -l**2 + 7*l + 6. Give q(b).
6
Let s(k) = -k**3 - 5*k**2 - 3*k - 6. Let z(l) = -l**2 - 8*l - 16. Let i be z(-6). Give s(i).
-10
Let i(y) = y**3 - y + 140 - 139 + 0*y**3. What is i(1)?
1
Let b = 2 - -4. Let c(k) = 2*k - 9. What is c(b)?
3
Let x(i) = -2*i - 2. Let k be x(-3). Let a(w) = -k*w - w**2 + 0*w - 1 + 3*w + 2*w**2. Give a(-2).
5
Let f(j) be the second derivative of 5*j**3/6 + j**2/2 - 4*j. Give f(-1).
-4
Let c(x) = -x**2 + x + 1. Let z be c(-2). Let q(n) = -n - 1. Let j be (8/16)/((-2)/(-20)). Let v(h) = -8*h - 12. Let s(a) = j*q(a) - v(a). Calculate s(z).
-8
Suppose -6*c - 56 = -14. Let a(s) = s + 8. Calculate a(c).
1
Let o(z) = 2*z + 2. Let c(t) = -t - 2. Let y(a) = -3*c(a) - 2*o(a). Let j be y(-2). Let f(u) = 3*u - 6 - 4*u**3 + 4*u**3 - u**3 + 4*u**2. Give f(j).
6
Let p(x) be the third derivative of -x**4/12 + 12*x**2. What is p(-2)?
4
Let m(i) = -3*i + 1. Let p(b) = -b - 3. Let x be p(-4). Let t be m(x). Let j(y) = y**3 + y**2 + 1. What is j(t)?
-3
Let t(p) = 0 - p + 4 + 3*p. Let b be (3/18*-3)/((-2)/(-12)). Give t(b)